05?
4
Calculate the remainder when 80103 is divided by 23.
17
What is the remainder when 67987 is divided by 65?
62
Calculate the remainder when 22893 is divided by 22803.
90
What is the remainder when 6642 is divided by 64?
50
Calculate the remainder when 4129 is divided by 4110.
19
Calculate the remainder when 63883 is divided by 44.
39
What is the remainder when 6260 is divided by 64?
52
What is the remainder when 1091 is divided by 216?
11
Calculate the remainder when 11603 is divided by 580.
3
What is the remainder when 38916 is divided by 1024?
4
Calculate the remainder when 224433 is divided by 354.
351
Calculate the remainder when 206434 is divided by 51605.
14
What is the remainder when 34876 is divided by 2073?
1708
What is the remainder when 57525 is divided by 9?
6
What is the remainder when 7832 is divided by 1534?
162
Calculate the remainder when 770 is divided by 562.
208
Calculate the remainder when 44402 is divided by 26.
20
What is the remainder when 12843 is divided by 267?
27
What is the remainder when 819 is divided by 183?
87
What is the remainder when 116316 is divided by 106?
34
Calculate the remainder when 5743 is divided by 163.
38
What is the remainder when 12495 is divided by 500?
495
Calculate the remainder when 2914 is divided by 1135.
644
Calculate the remainder when 139851 is divided by 42.
33
What is the remainder when 3090 is divided by 740?
130
Calculate the remainder when 508567 is divided by 13745.
2
What is the remainder when 1430 is divided by 2?
0
Calculate the remainder when 22543 is divided by 32.
15
Calculate the remainder when 48792 is divided by 48776.
16
Calculate the remainder when 4439 is divided by 125.
64
What is the remainder when 18197 is divided by 512?
277
Calculate the remainder when 1233 is divided by 367.
132
What is the remainder when 31939 is divided by 44?
39
What is the remainder when 5334 is divided by 418?
318
What is the remainder when 6736 is divided by 127?
5
Calculate the remainder when 1326 is divided by 657.
12
What is the remainder when 4138065 is divided by 29?
26
Calculate the remainder when 5751 is divided by 1145.
26
What is the remainder when 96614 is divided by 285?
284
What is the remainder when 10328 is divided by 1289?
16
Calculate the remainder when 1577 is divided by 311.
22
What is the remainder when 5593 is divided by 1292?
425
What is the remainder when 42804 is divided by 2851?
39
What is the remainder when 372445 is divided by 124145?
10
What is the remainder when 53662 is divided by 1110?
382
What is the remainder when 2873 is divided by 2785?
88
What is the remainder when 35122 is divided by 13?
9
What is the remainder when 2530 is divided by 385?
220
Calculate the remainder when 49000 is divided by 81.
76
What is the remainder when 42505 is divided by 620?
345
Calculate the remainder when 4487 is divided by 2185.
117
Calculate the remainder when 277 is divided by 66.
13
What is the remainder when 6877 is divided by 1943?
1048
What is the remainder when 50018 is divided by 3126?
2
What is the remainder when 1816 is divided by 390?
256
Calculate the remainder when 4843 is divided by 1206.
19
What is the remainder when 350 is divided by 213?
137
What is the remainder when 7555 is divided by 81?
22
What is the remainder when 7121 is divided by 1485?
1181
What is the remainder when 5459 is divided by 2449?
561
Calculate the remainder when 181886 is divided by 457.
0
What is the remainder when 6259 is divided by 22?
11
Calculate the remainder when 17644 is divided by 173.
171
What is the remainder when 7139 is divided by 1784?
3
Calculate the remainder when 3022354 is divided by 137.
134
What is the remainder when 6568 is divided by 62?
58
Calculate the remainder when 83868 is divided by 25.
18
What is the remainder when 1574484 is divided by 398?
394
Calculate the remainder when 3550 is divided by 1012.
514
Calculate the remainder when 99255 is divided by 1289.
2
Calculate the remainder when 879 is divided by 731.
148
Calculate the remainder when 1258 is divided by 128.
106
Calculate the remainder when 18928 is divided by 78.
52
What is the remainder when 40296 is divided by 1928?
1736
What is the remainder when 3474 is divided by 724?
578
What is the remainder when 17387 is divided by 95?
2
Calculate the remainder when 3212 is divided by 3093.
119
What is the remainder when 4911 is divided by 4817?
94
Calculate the remainder when 14733 is divided by 12.
9
What is the remainder when 48934 is divided by 46?
36
Calculate the remainder when 524893 is divided by 580.
573
What is the remainder when 72574 is divided by 25?
24
What is the remainder when 154 is divided by 96?
58
What is the remainder when 13691 is divided by 13650?
41
What is the remainder when 25687 is divided by 8?
7
Calculate the remainder when 81403 is divided by 45.
43
What is the remainder when 115629 is divided by 63?
24
Calculate the remainder when 18145 is divided by 534.
523
What is the remainder when 5024 is divided by 955?
249
Calculate the remainder when 331091 is divided by 744.
11
What is the remainder when 47554 is divided by 46?
36
Calculate the remainder when 644 is divided by 201.
41
Calculate the remainder when 134237 is divided by 32.
29
Calculate the remainder when 146064 is divided by 545.
4
What is the remainder when 1481 is divided by 338?
129
What is the remainder when 1325280 is divided by 252?
12
What is the remainder when 11788 is divided by 2838?
436
Calculate the remainder when 63205 is divided by 90.
25
Calculate the remainder when 1367511 is divided by 369.
366
What is the remainder when 5373 is divided by 1074?
3
Calculate the remainder when 11374 is divided by 5687.
0
What is the remainder when 2843 is divided by 1395?
53
Calculate the remainder when 278872 is divided by 23.
20
What is the remainder when 13782 is divided by 13774?
8
Calculate the remainder when 26017 is divided by 6014.
1961
What is the remainder when 90370 is divided by 51?
49
What is the remainder when 29664 is divided by 91?
89
Calculate the remainder when 17278 is divided by 4309.
42
Calculate the remainder when 10671 is divided by 324.
303
What is the remainder when 3329 is divided by 23?
17
Calculate the remainder when 24305 is divided by 293.
279
What is the remainder when 76232 is divided by 233?
41
Calculate the remainder when 2605 is divided by 94.
67
What is the remainder when 12802 is divided by 1162?
20
Calculate the remainder when 5308 is divided by 90.
88
What is the remainder when 91567 is divided by 548?
51
What is the remainder when 4256 is divided by 1346?
218
What is the remainder when 17385 is divided by 915?
0
Calculate the remainder when 173916 is divided by 6211.
8
Calculate the remainder when 11810 is divided by 3897.
119
What is the remainder when 27495 is divided by 624?
39
Calculate the remainder when 31230 is divided by 1354.
88
What is the remainder when 1666 is divided by 347?
278
Calculate the remainder when 3012 is divided by 81.
15
What is the remainder when 381 is divided by 194?
187
What is the remainder when 10258 is divided by 19?
17
What is the remainder when 30486 is divided by 3386?
12
Calculate the remainder when 127754 is divided by 501.
500
Calculate the remainder when 61921 is divided by 113.
110
What is the remainder when 364 is divided by 209?
155
What is the remainder when 152 is divided by 20?
12
What is the remainder when 7388 is divided by 117?
17
What is the remainder when 286981 is divided by 4864?
5
What is the remainder when 32279 is divided by 98?
37
Calculate the remainder when 117411 is divided by 89.
20
What is the remainder when 637917 is divided by 127?
123
What is the remainder when 2803 is divided by 604?
387
Calculate the remainder when 242 is divided by 12.
2
Calculate the remainder when 16645 is divided by 4146.
61
Calculate the remainder when 6002 is divided by 145.
57
Calculate the remainder when 238544 is divided by 5.
4
What is the remainder when 2241 is divided by 48?
33
Calculate the remainder when 5597 is divided by 578.
395
What is the remainder when 13288 is divided by 898?
716
Calculate the remainder when 6116 is divided by 274.
88
What is the remainder when 167422 is divided by 64?
62
What is the remainder when 7784 is d